26*o + 73509. Calculate g(-7).
-1573
Let c(l) = -1394344*l - 1394351. What is c(-1)?
-7
Let r(l) = -l**3 + 615*l**2 + 3936*l - 1667158. Give r(617).
-24
Let x(r) = -11*r**3 + 3936*r**2 + 686*r + 10723. Calculate x(358).
-17
Let g(a) = -7*a**2 - 617*a - 823. Determine g(-87).
-127
Let o(k) = 2267*k + 115702. Give o(-51).
85
Let z(d) = -d**3 - 657*d**2 - 7606*d - 322993. What is z(-646)?
7
Let o(q) = 11875*q - 201986. Determine o(17).
-111
Let t(i) = -32*i**2 + 143*i + 124. What is t(-1)?
-51
Let w(v) = v**2 + 700*v - 651894. What is w(530)?
6
Let u(r) = 271*r**2 - 1614*r - 21. Calculate u(6).
51
Let r(y) = -147434*y + 1474334. Determine r(10).
-6
Let q(w) = w**2 + 140*w - 418. Give q(-108).
-3874
Let q(y) = 5486*y - 32961. What is q(6)?
-45
Let q(g) = 5*g**3 + 158*g**2 - 620*g + 5. Give q(4).
373
Let d(p) = -3902*p - 58477. Determine d(-15).
53
Let k(t) = 121*t**3 + 15*t**2 + 45*t + 25. Determine k(-2).
-973
Let u(q) = q**2 - 15841*q + 1714791. Give u(109).
3
Let d(u) = -13*u**2 + 3538*u - 11023. Determine d(269).
6
Let l(f) = -807260*f - 4036317. What is l(-5)?
-17
Let s(w) = -188*w**2 + 4522*w - 272. Calculate s(24).
-32
Let o(k) = 118*k + 5736. What is o(-47)?
190
Let r(c) = -145*c - 11554. What is r(-80)?
46
Let l(g) = 109*g**2 - 694*g - 5. Give l(7).
478
Let z(b) = b**2 + 274*b + 5695. Determine z(-28).
-1193
Let m(a) = -2*a**3 - 34*a**2 - 114*a - 1355. Determine m(-16).
-43
Let y(d) = d**3 + 15*d**2 - 131051*d - 2357938. What is y(-18)?
8
Let h(p) = 6*p**2 + 38827*p - 38828. What is h(1)?
5
Let n(w) = w**3 + 476*w**2 + 949*w. Give n(-2).
-2
Let i(w) = 1496*w + 8043. Give i(-5).
563
Let s(q) = -q**3 + 20*q**2 - 123*q - 127. Calculate s(12).
-451
Let v(b) = 6*b**2 - 39*b + 23. Give v(4).
-37
Let s(l) = 6*l**2 - 1894*l + 20588. Determine s(11).
480
Let y(m) = -157*m - 5469. What is y(-35)?
26
Let n(f) = 9*f**2 - 618*f - 1235. What is n(-2)?
37
Let v(s) = -s**3 - 11*s**2 + 17634*s + 176429. Give v(-10).
-11
Let h(b) = -103605*b**2 + 310816*b + 4. What is h(3)?
7
Let i(u) = 163*u**2 + 80526*u + 2022. Calculate i(-494).
46
Let t(l) = -5*l**2 + 3571*l - 31731. Calculate t(9).
3
Let t(n) = 74*n - 1728. Determine t(30).
492
Let q(f) = f**2 - 38250*f - 38237. Calculate q(-1).
14
Let b(d) = -84*d - 13904. Calculate b(-178).
1048
Let d(u) = 42569*u - 212839. Determine d(5).
6
Let f(d) = 4847*d + 32009. What is f(-7)?
-1920
Let x(w) = -41*w**2 + 320*w + 280. Give x(9).
-161
Let d(q) = q**2 - 22389*q + 156656. Give d(7).
-18
Let r(c) = -c**2 + 1121*c - 6. Give r(0).
-6
Let h(w) = -24*w**2 - 22297*w - 23195. Calculate h(-928).
5
Let t(z) = 5*z**3 + 89*z**2 - 1953*z + 1967. Calculate t(12).
-13
Let s(l) = 1283*l - 400306. Give s(312).
-10
Let q(s) = -s**3 - 32*s**2 + 29*s - 15. What is q(-32)?
-943
Let p(u) = -8*u**2 - 24614*u - 24609. What is p(-1)?
-3
Let w(x) = -3*x**3 + 1000*x**2 - 1340*x + 3990. What is w(332)?
6
Let u(g) = 2*g**3 + 2*g**2 - 49*g - 303. What is u(-5)?
-258
Let d(l) = 4115*l - 1271518. Calculate d(309).
17
Let q(p) = 10*p**3 - 632*p**2 + 119*p + 471. Calculate q(63).
30
Let m(x) = -12*x**3 - 6*x**2 - 39*x + 9. What is m(-5)?
1554
Let z(v) = -65*v**2 - 1405*v - 915. Calculate z(-21).
-75
Let v(f) = f**3 + 2082*f**2 + 28924*f - 57906. Determine v(-2068).
-2
Let g(r) = -70325*r + 421992. Determine g(6).
42
Let x(z) = -2101*z - 24367. Calculate x(-12).
845
Let k(w) = 393*w - 33336. Give k(85).
69
Let h(a) = 37*a**3 + 27*a**2 + 4*a - 5. Give h(2).
407
Let y(o) = -2*o**3 + 12*o**2 + 848*o + 384. What is y(24)?
0
Let g(l) = 2*l**3 + 21*l**2 - 220*l - 605. Determine g(-16).
99
Let q(v) = -27*v**3 + v**2 + 35*v - 82. Calculate q(2).
-224
Let b(o) = -33*o**2 + 456*o - 12. Calculate b(8).
1524
Let x(i) = -203*i - 87708. Calculate x(-432).
-12
Let p(w) = -w**3 - 18*w**2 + 304*w + 3834. What is p(-10)?
-6
Let n(o) = 10*o**3 + o**2 + 43*o + 2. Determine n(0).
2
Let v(m) = -m**3 - 6*m**2 - 60*m - 410. Determine v(-9).
373
Let z(k) = -5*k**3 + 4*k**2 - 282*k + 553. Calculate z(2).
-35
Let u(c) = 26*c**2 - 76*c - 633. Calculate u(-9).
2157
Let k(w) = w**2 - 1804*w - 564649. What is k(-272)?
23
Let t(v) = v**3 + 6*v**2 - 3994*v - 19999. Calculate t(-5).
-4
Let q(f) = 13072*f**2 + 418299*f - 17. Give q(-32).
143
Let l(o) = 1942*o + 65912. Calculate l(-34).
-116
Let r(n) = 9*n**3 - 1219*n**2 + 543*n - 410. Give r(135).
-5
Let h(j) = 206*j**3 - 615*j**2 + 413*j - 1261. Determine h(3).
5
Let c(k) = -2*k**3 + 16*k**2 + 210*k + 4. Calculate c(15).
4
Let i(y) = 8*y**2 + 59*y - 1425. Determine i(0).
-1425
Let z(f) = -3*f**3 + 477*f**2 + 29*f - 4836. Determine z(159).
-225
Let n(j) = -6*j**3 + 255*j**2 - 146*j + 758. Calculate n(42).
-82
Let y(i) = i**3 - 51*i**2 - 89*i - 2823. What is y(53)?
-1922
Let p(k) = -322*k**2 + 537*k - 2. Give p(3).
-1289
Let u(c) = -13*c**3 - 14*c**2 + 6*c + 306. Determine u(-6).
2574
Let h(l) = -47*l**2 - 603*l - 13. What is h(-9)?
1607
Let c(r) = 7*r**2 + 3098*r + 3095. Determine c(-1).
4
Let k(o) = -o**3 + 35*o**2 + 25*o - 2333. Give k(9).
-2
Let r(o) = -2*o**3 - 75*o**2 - 757*o - 26632. Give r(-37).
8
Let o(b) = 21*b - 2612. Give o(26).
-2066
Let f(r) = 5*r**3 + 3728*r**2 + 3720*r - 4. Calculate f(-1).
-1
Let u(f) = 16*f**3 - 14*f**2 - 42*f + 127. What is u(3)?
307
Let c(j) = 227*j + 2866. What is c(-2)?
2412
Let z(p) = 6*p**2 - 236*p - 173. Calculate z(40).
-13
Let t(w) = w**3 - 300*w**2 - 7422*w - 2253. Determine t(323).
8
Let q(p) = -p**3 + 121*p**2 + 7468*p - 64. What is q(-45)?
26
Let r(o) = 518*o + 31419. What is r(-61)?
-179
Let a(i) = 3*i**3 - 51*i**2 - 369*i + 6976. What is a(14)?
46
Let k(s) = 177*s - 8327. Calculate k(48).
169
Let t(r) = -599*r + 137. Give t(1).
-462
Let j(m) = -2039*m - 97898. What is j(-48)?
-26
Let p(h) = 46*h**2 + 644*h + 5970. Give p(-9).
3900
Let j(d) = 90213*d - 721512. Calculate j(8).
192
Let v(r) = -6*r**3 + 135*r**2 + 94*r - 831. Calculate v(21).
5112
Let c(g) = 2078*g - 31135. Calculate c(15).
35
Let x(d) = 15*d**2 + 92*d - 1750. Determine x(21).
6797
Let g(s) = 6*s**2 - 156*s + 409. Give g(19).
-389
Let a(r) = 2315*r**2 + 78712*r + 22. Determine a(-34).
-46
Let b(v) = -2219*v + 68674. Give b(31).
-115
Let a(u) = 4*u**2 + 429*u + 1410. Determine a(-104).
58
Let o(c) = 242*c**3 + c**2 + 9*c - 6. What is o(1)?
246
Let q(x) = x**2 - 21583*x - 280751. Give q(-13).
-3
Let z(x) = -2*x**2 + 1314*x - 5237. Give z(4).
-13
Let t(v) = -5*v**2 - 2800*v - 318647. Calculate t(-159).
148
Let d(f) = 2*f**3 + 713*f**2 - 511*f - 54993. What is d(-357)?
-15
Let a(w) = -6003*w + 18146. Calculate a(3).
137
Let l(b) = 153*b**2 + 19303*b + 3144. Determine l(-126).
-6
Let u(v) = v**3 + 86*v**2 - 117*v - 1687. What is u(5)?
3
Let o(s) = -108*s + 60. Give o(2).
-156
Let r(k) = 13*k**3 + 1508*k**2 - 18*k - 373. What is r(-116)?
1715
Let x(z) = -z**3 - 18*z**2 + 41*z - 5. Calculate x(-20).
-25
Let p(q) = 10*q**2 + 4580*q + 13728. Determine p(-3).
78
Let a(x) = -829*x + 38987. Give a(47).
24
Let s(m) = -2150*m + 391308. Give s(182).
8
Let m(t) = 3*t**2 + 23060*t - 46117. What is m(2)?
15
Let o(w) = 51*w**2 - 29*w - 86. Determine o(-1).
-6
Let v(z) = -65534*z - 262132. What is v(-4)?
4
Let n(b) = 4*b**2 + 331*b + 4533. Calculate n(-91).
7536
Let u(c) = 26868*c + 564266. What is u(-21)?
38
Let z(w) = -2268*w + 2339. What is z(1)?
71
Let d(s) = -844*s + 2353. What is d(4)?
-1023
Let y(g) = 272*g - 7396. Determine y(27).
-52
Let x(o) = -o**3 + 43*o**2 + 530*o - 453. Determine x(53).
-453
Let g(s) = 2*s**3 - 47*s**2 - 44*s - 706. Calculate g(25).
69
Let n(s) = -47*s**2 - 16072*s + 502. Give n(-342).
-182
Let u(y) = y**3 - 6*y**2 - 5793*y + 34750. Calculate u(6).
-8
Let r(v) = -v**3 - 154*v**2 + 4434*v + 261111. Calculate r(-171).
-6
Let r(t) = t**2 + 2548*t + 77660. Give r(-31).
-367
Let h(w) = w**2 - 113*w - 8740. Give h(-72).
4580
Let t(y) = 9*y**3 + 9*y**2 + 36*y - 90. Calculate t(-6).
-1926
Let i(p) = -p**2 + 125393*p - 752307. Determine i(6).
15
Let v(j) = -j**3 - 17*j**2 - 105*j - 878. What is v(-14)?
4
Let w(x) = -3*x**2 + 409*x - 6742. Give w(117).
44
Let n(f) = -29*f**2 + 2509*f - 24971. Give n(75).
79
Let g(u) = -421*u**2 + 287*u - 3. Determine g(2).
-1113
Let x(h) = 2892*h + 107002. Determine x(-37).
-2
Let c(a) = -31*a**2 + 2949*a - 392. Give c(95).
-12
Let n(r) = -r**3 + 6*r**2 - 5525*r - 68885. Determine 